{"id":923,"date":"2022-12-26T16:45:19","date_gmt":"2022-12-26T15:45:19","guid":{"rendered":"https:\/\/www.piustudi.eu\/works\/interior-design-attico-ls\/"},"modified":"2022-12-26T16:47:55","modified_gmt":"2022-12-26T15:47:55","slug":"diseno-interiores-atico-ls","status":"publish","type":"works","link":"https:\/\/www.piustudi.eu\/es\/works\/diseno-interiores-atico-ls\/","title":{"rendered":"\u00c1tico L+S"},"content":{"rendered":"<p>Un \u00e1tico de lujo con spa y amplias terrazas es el protagonista de este\u00a0<strong>dise\u00f1o de interiores<\/strong>.<\/p>\n<p>La idea del proyecto ha sido desde el principio hacer converger los espacios interiores con la gran superficie que ten\u00edan las terrazas, creando un di\u00e1logo continuo entre interior y exterior que nos ha llevado a la soluci\u00f3n final: un gran espacio abierto donde la cocina de Arclinea se convierte en el punto de apoyo de la vida familiar, al servicio tanto de la sala de estar como de la terraza exterior.<\/p>\n<p>Cobra un papel de relevancia el elemento central, revestido con papel de pared y trabajado como si fuera un elemento de mobiliario en s\u00ed, que recibe a las visitas y separa los trayectos entre la zona de d\u00eda y la zona m\u00e1s \u00edntima y privada de la zona de noche.<\/p>\n<p>En el piso superior encontramos una\u00a0<em>altana<\/em>, una especie de plataforma-belvedere cubierta t\u00edpica de la arquitectura italiana que se encuentra en la parte m\u00e1s elevada de la cubierta de un edificio. En este caso, la altana alberga una salita privada y una terraza con jacuzzi externo integrado en el pavimento de madera.<\/p>\n","protected":false},"featured_media":902,"template":"","categoria_progetto":[31,30],"class_list":["post-923","works","type-works","status-publish","has-post-thumbnail","hentry","categoria_progetto-interiorismo","categoria_progetto-residencial"],"acf":[],"yoast_head":"<!-- This site is optimized with the Yoast SEO plugin v27.3 - https:\/\/yoast.com\/product\/yoast-seo-wordpress\/ -->\n<title>Dise\u00f1o de interiores de un apartamento en Vicenza | \u00c1tico L+S | +studi<\/title>\n<meta name=\"description\" content=\"Un \u00e1tico de lujo con spa y amplias terrazas es el protagonista de este dise\u00f1o de interiores de la mano de +studi, estudio de arquitectura en Vicenza.\" \/>\n<meta name=\"robots\" content=\"index, follow, max-snippet:-1, max-image-preview:large, max-video-preview:-1\" \/>\n<link rel=\"canonical\" href=\"https:\/\/www.piustudi.eu\/es\/works\/diseno-interiores-atico-ls\/\" \/>\n<meta property=\"og:locale\" content=\"es_ES\" \/>\n<meta property=\"og:type\" content=\"article\" \/>\n<meta property=\"og:title\" content=\"Dise\u00f1o de interiores de un apartamento en Vicenza | \u00c1tico L+S | +studi\" \/>\n<meta property=\"og:description\" content=\"Un \u00e1tico de lujo con spa y amplias terrazas es el protagonista de este dise\u00f1o de interiores de la mano de +studi, estudio de arquitectura en Vicenza.\" \/>\n<meta property=\"og:url\" content=\"https:\/\/www.piustudi.eu\/es\/works\/diseno-interiores-atico-ls\/\" \/>\n<meta property=\"og:site_name\" content=\"+studi\" \/>\n<meta property=\"article:modified_time\" content=\"2022-12-26T15:47:55+00:00\" \/>\n<meta property=\"og:image\" content=\"https:\/\/www.piustudi.eu\/wp-content\/uploads\/2022\/12\/06MAR_3413.jpg\" \/>\n\t<meta property=\"og:image:width\" content=\"1200\" \/>\n\t<meta property=\"og:image:height\" content=\"792\" \/>\n\t<meta property=\"og:image:type\" content=\"image\/jpeg\" \/>\n<meta name=\"twitter:card\" content=\"summary_large_image\" \/>\n<meta name=\"twitter:label1\" content=\"Tiempo de lectura\" \/>\n\t<meta name=\"twitter:data1\" content=\"2 minutos\" \/>\n<script type=\"application\/ld+json\" class=\"yoast-schema-graph\">{\"@context\":\"https:\\\/\\\/schema.org\",\"@graph\":[{\"@type\":\"WebPage\",\"@id\":\"https:\\\/\\\/www.piustudi.eu\\\/es\\\/works\\\/diseno-interiores-atico-ls\\\/\",\"url\":\"https:\\\/\\\/www.piustudi.eu\\\/es\\\/works\\\/diseno-interiores-atico-ls\\\/\",\"name\":\"Dise\u00f1o de interiores de un apartamento en Vicenza | \u00c1tico L+S | +studi\",\"isPartOf\":{\"@id\":\"https:\\\/\\\/www.piustudi.eu\\\/es\\\/#website\"},\"primaryImageOfPage\":{\"@id\":\"https:\\\/\\\/www.piustudi.eu\\\/es\\\/works\\\/diseno-interiores-atico-ls\\\/#primaryimage\"},\"image\":{\"@id\":\"https:\\\/\\\/www.piustudi.eu\\\/es\\\/works\\\/diseno-interiores-atico-ls\\\/#primaryimage\"},\"thumbnailUrl\":\"https:\\\/\\\/www.piustudi.eu\\\/wp-content\\\/uploads\\\/2022\\\/12\\\/06MAR_3413.jpg\",\"datePublished\":\"2022-12-26T15:45:19+00:00\",\"dateModified\":\"2022-12-26T15:47:55+00:00\",\"description\":\"Un \u00e1tico de lujo con spa y amplias terrazas es el protagonista de este dise\u00f1o de interiores de la mano de +studi, estudio de arquitectura en Vicenza.\",\"breadcrumb\":{\"@id\":\"https:\\\/\\\/www.piustudi.eu\\\/es\\\/works\\\/diseno-interiores-atico-ls\\\/#breadcrumb\"},\"inLanguage\":\"es\",\"potentialAction\":[{\"@type\":\"ReadAction\",\"target\":[\"https:\\\/\\\/www.piustudi.eu\\\/es\\\/works\\\/diseno-interiores-atico-ls\\\/\"]}]},{\"@type\":\"ImageObject\",\"inLanguage\":\"es\",\"@id\":\"https:\\\/\\\/www.piustudi.eu\\\/es\\\/works\\\/diseno-interiores-atico-ls\\\/#primaryimage\",\"url\":\"https:\\\/\\\/www.piustudi.eu\\\/wp-content\\\/uploads\\\/2022\\\/12\\\/06MAR_3413.jpg\",\"contentUrl\":\"https:\\\/\\\/www.piustudi.eu\\\/wp-content\\\/uploads\\\/2022\\\/12\\\/06MAR_3413.jpg\",\"width\":1200,\"height\":792},{\"@type\":\"BreadcrumbList\",\"@id\":\"https:\\\/\\\/www.piustudi.eu\\\/es\\\/works\\\/diseno-interiores-atico-ls\\\/#breadcrumb\",\"itemListElement\":[{\"@type\":\"ListItem\",\"position\":1,\"name\":\"Home\",\"item\":\"https:\\\/\\\/www.piustudi.eu\\\/es\\\/\"},{\"@type\":\"ListItem\",\"position\":2,\"name\":\"Proyectos\",\"item\":\"https:\\\/\\\/www.piustudi.eu\\\/es\\\/works\\\/\"},{\"@type\":\"ListItem\",\"position\":3,\"name\":\"\u00c1tico L+S\"}]},{\"@type\":\"WebSite\",\"@id\":\"https:\\\/\\\/www.piustudi.eu\\\/es\\\/#website\",\"url\":\"https:\\\/\\\/www.piustudi.eu\\\/es\\\/\",\"name\":\"+studi\",\"description\":\"architettura, design, project management, innovazione\",\"publisher\":{\"@id\":\"https:\\\/\\\/www.piustudi.eu\\\/es\\\/#organization\"},\"potentialAction\":[{\"@type\":\"SearchAction\",\"target\":{\"@type\":\"EntryPoint\",\"urlTemplate\":\"https:\\\/\\\/www.piustudi.eu\\\/es\\\/?s={search_term_string}\"},\"query-input\":{\"@type\":\"PropertyValueSpecification\",\"valueRequired\":true,\"valueName\":\"search_term_string\"}}],\"inLanguage\":\"es\"},{\"@type\":\"Organization\",\"@id\":\"https:\\\/\\\/www.piustudi.eu\\\/es\\\/#organization\",\"name\":\"+studi\",\"url\":\"https:\\\/\\\/www.piustudi.eu\\\/es\\\/\",\"logo\":{\"@type\":\"ImageObject\",\"inLanguage\":\"es\",\"@id\":\"https:\\\/\\\/www.piustudi.eu\\\/es\\\/#\\\/schema\\\/logo\\\/image\\\/\",\"url\":\"https:\\\/\\\/www.piustudi.eu\\\/wp-content\\\/uploads\\\/2022\\\/12\\\/logo-piustudi-white-bg.png\",\"contentUrl\":\"https:\\\/\\\/www.piustudi.eu\\\/wp-content\\\/uploads\\\/2022\\\/12\\\/logo-piustudi-white-bg.png\",\"width\":250,\"height\":65,\"caption\":\"+studi\"},\"image\":{\"@id\":\"https:\\\/\\\/www.piustudi.eu\\\/es\\\/#\\\/schema\\\/logo\\\/image\\\/\"}}]}<\/script>\n<!-- \/ Yoast SEO plugin. -->","yoast_head_json":{"title":"Dise\u00f1o de interiores de un apartamento en Vicenza | \u00c1tico L+S | +studi","description":"Un \u00e1tico de lujo con spa y amplias terrazas es el protagonista de este dise\u00f1o de interiores de la mano de +studi, estudio de arquitectura en Vicenza.","robots":{"index":"index","follow":"follow","max-snippet":"max-snippet:-1","max-image-preview":"max-image-preview:large","max-video-preview":"max-video-preview:-1"},"canonical":"https:\/\/www.piustudi.eu\/es\/works\/diseno-interiores-atico-ls\/","og_locale":"es_ES","og_type":"article","og_title":"Dise\u00f1o de interiores de un apartamento en Vicenza | \u00c1tico L+S | +studi","og_description":"Un \u00e1tico de lujo con spa y amplias terrazas es el protagonista de este dise\u00f1o de interiores de la mano de +studi, estudio de arquitectura en Vicenza.","og_url":"https:\/\/www.piustudi.eu\/es\/works\/diseno-interiores-atico-ls\/","og_site_name":"+studi","article_modified_time":"2022-12-26T15:47:55+00:00","og_image":[{"width":1200,"height":792,"url":"https:\/\/www.piustudi.eu\/wp-content\/uploads\/2022\/12\/06MAR_3413.jpg","type":"image\/jpeg"}],"twitter_card":"summary_large_image","twitter_misc":{"Tiempo de lectura":"2 minutos"},"schema":{"@context":"https:\/\/schema.org","@graph":[{"@type":"WebPage","@id":"https:\/\/www.piustudi.eu\/es\/works\/diseno-interiores-atico-ls\/","url":"https:\/\/www.piustudi.eu\/es\/works\/diseno-interiores-atico-ls\/","name":"Dise\u00f1o de interiores de un apartamento en Vicenza | \u00c1tico L+S | +studi","isPartOf":{"@id":"https:\/\/www.piustudi.eu\/es\/#website"},"primaryImageOfPage":{"@id":"https:\/\/www.piustudi.eu\/es\/works\/diseno-interiores-atico-ls\/#primaryimage"},"image":{"@id":"https:\/\/www.piustudi.eu\/es\/works\/diseno-interiores-atico-ls\/#primaryimage"},"thumbnailUrl":"https:\/\/www.piustudi.eu\/wp-content\/uploads\/2022\/12\/06MAR_3413.jpg","datePublished":"2022-12-26T15:45:19+00:00","dateModified":"2022-12-26T15:47:55+00:00","description":"Un \u00e1tico de lujo con spa y amplias terrazas es el protagonista de este dise\u00f1o de interiores de la mano de +studi, estudio de arquitectura en Vicenza.","breadcrumb":{"@id":"https:\/\/www.piustudi.eu\/es\/works\/diseno-interiores-atico-ls\/#breadcrumb"},"inLanguage":"es","potentialAction":[{"@type":"ReadAction","target":["https:\/\/www.piustudi.eu\/es\/works\/diseno-interiores-atico-ls\/"]}]},{"@type":"ImageObject","inLanguage":"es","@id":"https:\/\/www.piustudi.eu\/es\/works\/diseno-interiores-atico-ls\/#primaryimage","url":"https:\/\/www.piustudi.eu\/wp-content\/uploads\/2022\/12\/06MAR_3413.jpg","contentUrl":"https:\/\/www.piustudi.eu\/wp-content\/uploads\/2022\/12\/06MAR_3413.jpg","width":1200,"height":792},{"@type":"BreadcrumbList","@id":"https:\/\/www.piustudi.eu\/es\/works\/diseno-interiores-atico-ls\/#breadcrumb","itemListElement":[{"@type":"ListItem","position":1,"name":"Home","item":"https:\/\/www.piustudi.eu\/es\/"},{"@type":"ListItem","position":2,"name":"Proyectos","item":"https:\/\/www.piustudi.eu\/es\/works\/"},{"@type":"ListItem","position":3,"name":"\u00c1tico L+S"}]},{"@type":"WebSite","@id":"https:\/\/www.piustudi.eu\/es\/#website","url":"https:\/\/www.piustudi.eu\/es\/","name":"+studi","description":"architettura, design, project management, innovazione","publisher":{"@id":"https:\/\/www.piustudi.eu\/es\/#organization"},"potentialAction":[{"@type":"SearchAction","target":{"@type":"EntryPoint","urlTemplate":"https:\/\/www.piustudi.eu\/es\/?s={search_term_string}"},"query-input":{"@type":"PropertyValueSpecification","valueRequired":true,"valueName":"search_term_string"}}],"inLanguage":"es"},{"@type":"Organization","@id":"https:\/\/www.piustudi.eu\/es\/#organization","name":"+studi","url":"https:\/\/www.piustudi.eu\/es\/","logo":{"@type":"ImageObject","inLanguage":"es","@id":"https:\/\/www.piustudi.eu\/es\/#\/schema\/logo\/image\/","url":"https:\/\/www.piustudi.eu\/wp-content\/uploads\/2022\/12\/logo-piustudi-white-bg.png","contentUrl":"https:\/\/www.piustudi.eu\/wp-content\/uploads\/2022\/12\/logo-piustudi-white-bg.png","width":250,"height":65,"caption":"+studi"},"image":{"@id":"https:\/\/www.piustudi.eu\/es\/#\/schema\/logo\/image\/"}}]}},"_links":{"self":[{"href":"https:\/\/www.piustudi.eu\/es\/wp-json\/wp\/v2\/works\/923","targetHints":{"allow":["GET"]}}],"collection":[{"href":"https:\/\/www.piustudi.eu\/es\/wp-json\/wp\/v2\/works"}],"about":[{"href":"https:\/\/www.piustudi.eu\/es\/wp-json\/wp\/v2\/types\/works"}],"wp:featuredmedia":[{"embeddable":true,"href":"https:\/\/www.piustudi.eu\/es\/wp-json\/wp\/v2\/media\/902"}],"wp:attachment":[{"href":"https:\/\/www.piustudi.eu\/es\/wp-json\/wp\/v2\/media?parent=923"}],"wp:term":[{"taxonomy":"categoria_progetto","embeddable":true,"href":"https:\/\/www.piustudi.eu\/es\/wp-json\/wp\/v2\/categoria_progetto?post=923"}],"curies":[{"name":"wp","href":"https:\/\/api.w.org\/{rel}","templated":true}]}}

Ático L+S

<p>Un ático de lujo con spa y amplias terrazas es el protagonista de este <strong>diseño de interiores</strong>.</p>
<p>La idea del proyecto ha sido desde el principio hacer converger los espacios interiores con la gran superficie que tenían las terrazas, creando un diálogo continuo entre interior y exterior que nos ha llevado a la solución final: un gran espacio abierto donde la cocina de Arclinea se convierte en el punto de apoyo de la vida familiar, al servicio tanto de la sala de estar como de la terraza exterior.</p>
<p>Cobra un papel de relevancia el elemento central, revestido con papel de pared y trabajado como si fuera un elemento de mobiliario en sí, que recibe a las visitas y separa los trayectos entre la zona de día y la zona más íntima y privada de la zona de noche.</p>
<p>En el piso superior encontramos una <em>altana</em>, una especie de plataforma-belvedere cubierta típica de la arquitectura italiana que se encuentra en la parte más elevada de la cubierta de un edificio. En este caso, la altana alberga una salita privada y una terraza con jacuzzi externo integrado en el pavimento de madera.</p>

<!-- This site is optimized with the Yoast SEO plugin v27.3 - https://yoast.com/product/yoast-seo-wordpress/ -->
<title>Diseño de interiores de un apartamento en Vicenza | Ático L+S | +studi</title>
<meta name="description" content="Un ático de lujo con spa y amplias terrazas es el protagonista de este diseño de interiores de la mano de +studi, estudio de arquitectura en Vicenza." />
<meta name="robots" content="index, follow, max-snippet:-1, max-image-preview:large, max-video-preview:-1" />
<link rel="canonical" href="https://www.piustudi.eu/es/works/diseno-interiores-atico-ls/" />
<meta property="og:locale" content="es_ES" />
<meta property="og:type" content="article" />
<meta property="og:title" content="Diseño de interiores de un apartamento en Vicenza | Ático L+S | +studi" />
<meta property="og:description" content="Un ático de lujo con spa y amplias terrazas es el protagonista de este diseño de interiores de la mano de +studi, estudio de arquitectura en Vicenza." />
<meta property="og:url" content="https://www.piustudi.eu/es/works/diseno-interiores-atico-ls/" />
<meta property="og:site_name" content="+studi" />
<meta property="article:modified_time" content="2022-12-26T15:47:55+00:00" />
<meta property="og:image" content="https://www.piustudi.eu/wp-content/uploads/2022/12/06MAR_3413.jpg" />
	<meta property="og:image:width" content="1200" />
	<meta property="og:image:height" content="792" />
	<meta property="og:image:type" content="image/jpeg" />
<meta name="twitter:card" content="summary_large_image" />
<meta name="twitter:label1" content="Tiempo de lectura" />
	<meta name="twitter:data1" content="2 minutos" />
<script type="application/ld+json" class="yoast-schema-graph">{"@context":"https:\/\/schema.org","@graph":[{"@type":"WebPage","@id":"https:\/\/www.piustudi.eu\/es\/works\/diseno-interiores-atico-ls\/","url":"https:\/\/www.piustudi.eu\/es\/works\/diseno-interiores-atico-ls\/","name":"Diseño de interiores de un apartamento en Vicenza | Ático L+S | +studi","isPartOf":{"@id":"https:\/\/www.piustudi.eu\/es\/#website"},"primaryImageOfPage":{"@id":"https:\/\/www.piustudi.eu\/es\/works\/diseno-interiores-atico-ls\/#primaryimage"},"image":{"@id":"https:\/\/www.piustudi.eu\/es\/works\/diseno-interiores-atico-ls\/#primaryimage"},"thumbnailUrl":"https:\/\/www.piustudi.eu\/wp-content\/uploads\/2022\/12\/06MAR_3413.jpg","datePublished":"2022-12-26T15:45:19+00:00","dateModified":"2022-12-26T15:47:55+00:00","description":"Un ático de lujo con spa y amplias terrazas es el protagonista de este diseño de interiores de la mano de +studi, estudio de arquitectura en Vicenza.","breadcrumb":{"@id":"https:\/\/www.piustudi.eu\/es\/works\/diseno-interiores-atico-ls\/#breadcrumb"},"inLanguage":"es","potentialAction":[{"@type":"ReadAction","target":["https:\/\/www.piustudi.eu\/es\/works\/diseno-interiores-atico-ls\/"]}]},{"@type":"ImageObject","inLanguage":"es","@id":"https:\/\/www.piustudi.eu\/es\/works\/diseno-interiores-atico-ls\/#primaryimage","url":"https:\/\/www.piustudi.eu\/wp-content\/uploads\/2022\/12\/06MAR_3413.jpg","contentUrl":"https:\/\/www.piustudi.eu\/wp-content\/uploads\/2022\/12\/06MAR_3413.jpg","width":1200,"height":792},{"@type":"BreadcrumbList","@id":"https:\/\/www.piustudi.eu\/es\/works\/diseno-interiores-atico-ls\/#breadcrumb","itemListElement":[{"@type":"ListItem","position":1,"name":"Home","item":"https:\/\/www.piustudi.eu\/es\/"},{"@type":"ListItem","position":2,"name":"Proyectos","item":"https:\/\/www.piustudi.eu\/es\/works\/"},{"@type":"ListItem","position":3,"name":"Ático L+S"}]},{"@type":"WebSite","@id":"https:\/\/www.piustudi.eu\/es\/#website","url":"https:\/\/www.piustudi.eu\/es\/","name":"+studi","description":"architettura, design, project management, innovazione","publisher":{"@id":"https:\/\/www.piustudi.eu\/es\/#organization"},"potentialAction":[{"@type":"SearchAction","target":{"@type":"EntryPoint","urlTemplate":"https:\/\/www.piustudi.eu\/es\/?s={search_term_string}"},"query-input":{"@type":"PropertyValueSpecification","valueRequired":true,"valueName":"search_term_string"}}],"inLanguage":"es"},{"@type":"Organization","@id":"https:\/\/www.piustudi.eu\/es\/#organization","name":"+studi","url":"https:\/\/www.piustudi.eu\/es\/","logo":{"@type":"ImageObject","inLanguage":"es","@id":"https:\/\/www.piustudi.eu\/es\/#\/schema\/logo\/image\/","url":"https:\/\/www.piustudi.eu\/wp-content\/uploads\/2022\/12\/logo-piustudi-white-bg.png","contentUrl":"https:\/\/www.piustudi.eu\/wp-content\/uploads\/2022\/12\/logo-piustudi-white-bg.png","width":250,"height":65,"caption":"+studi"},"image":{"@id":"https:\/\/www.piustudi.eu\/es\/#\/schema\/logo\/image\/"}}]}</script>
<!-- / Yoast SEO plugin. -->

Diseño de interiores de un apartamento en Vicenza | Ático L+S | +studi

Un ático de lujo con spa y amplias terrazas es el protagonista de este diseño de interiores de la mano de +studi, estudio de arquitectura en Vicenza.
